 What is s(u)?
-9
Let y(f) be the third derivative of f**5/60 - 2*f**3/3 + f**2. Suppose -3*r - l = r - 85, 3*r - l - 69 = 0. Suppose -r*j = 6*j. What is y(j)?
-4
Let g(s) = 3*s + 3. Let n be 2 + -2 + 27 + -25. Let k be ((n + 10)*15/30)/(-2). Determine g(k).
-6
Suppose -3*j = -5*j - 10. Let o(a) = a**2 - 5*a + 5. Let t(u) = 2*u**2 - 4*u + 4. Let p(d) = j*o(d) + 6*t(d). Let z = -449 + 450. Calculate p(z).
7
Suppose -3*f = -21*f - 270. Let l be (-36)/f*2/(16/20). Let y(m) be the first derivative of m**3/3 - 7*m**2/2 + 9*m + 1. Calculate y(l).
3
Let n(w) = -10*w**2 + 28*w - 38. Let f(v) = 6*v**2 - 14*v + 19. Let z(j) = 7*f(j) + 4*n(j). Calculate z(-8).
-3
Let a(r) = r**3 - 22*r**2 + 24*r - 51. Let g be (68/8 + -10)*-14. Calculate a(g).
12
Let o(k) be the second derivative of 2*k**2 + 1/2*k**3 + 0 - 10*k. Determine o(-6).
-14
Let y(q) = 2*q - 15. Let k(b) be the first derivative of 3*b**2/2 - 15*b + 170. Let v(r) = -4*k(r) + 5*y(r). Give v(-11).
7
Let t = 353 - 330. Suppose -b - 26 = 5*h, t*b + 2*h = 24*b + 12. Let r(p) = p + 22. Calculate r(b).
6
Let j(y) be the third derivative of -y**6/120 + y**5/30 + y**4/8 + 3*y**3 + y**2 + 3070*y. What is j(0)?
18
Let f(s) = s**3 + 4*s**2 + 3*s. Let i be (-6)/(-2) - (38 + -44). Let y(v) = -4*v + 33. Let u be y(i). What is f(u)?
0
Let w(o) = -10374*o - 5*o**2 + 5191*o + 2*o**2 + 5191*o. Determine w(6).
-60
Suppose 3*b - 12 = -3*j + 2*j, -j - b + 6 = 0. Let k(z) = j*z + 5*z - 18 + 8 + z**2. Let a(v) = 3*v**3 + 12*v**2 + 4*v + 8. Let h be a(-4). What is k(h)?
-10
Let j(a) = 4*a - 5*a + a**3 - 5 - 2*a**3 + 12*a**2. Let q = 16886 - 16874. Calculate j(q).
-17
Let t be 12*18/24 - (-1 + 6). Let w(b) = b**2 - b - 7. Determine w(t).
5
Let f(n) = n - 1. Let j = -39 + 38. Let l(u) = 2*u + 1. Let s(z) = j*l(z) - 2*f(z). Calculate s(-4).
17
Let k(q) = -q**3 + 11*q**2 - 3*q + 21. Suppose 4*v - 3*u = 3*v - 7, 8*v + u - 94 = 0. Give k(v).
-12
Let l(m) be the third derivative of 0*m + 0 + 74*m**2 - 1/6*m**4 - m**3. Suppose -4*y - y = 20. Calculate l(y).
10
Let b(d) = -4550*d**2 - 4547*d**2 - 4557*d**2 + 12*d + 15 + 13653*d**2. Calculate b(13).
2
Let c(p) = -p**2 + 22*p - 35. Let q be ((-12320)/(-1925))/(-1*(-4)/10). What is c(q)?
61
Let z(k) = -k**3 + 8*k**2 - 13*k - 9. Let d be (5820/65)/12 + 66/(-143). What is z(d)?
-51
Suppose u = 2*t - 1, 9 + 0 = 3*u. Let v(h) = 2*h - 10. Give v(t).
-6
Let w(d) be the second derivative of 2 + d**2 - 32*d - d**3 - 1/12*d**4. Give w(-3).
11
Let y(l) be the first derivative of l**3/3 + l**2/2 - 4*l + 8084. What is y(3)?
8
Suppose 6*v - 3*v = d - 1, -5*v + 13 = 2*d. Suppose -3*k + h + 164 = 0, d*k - 253 = -h - 32. Suppose -2*b + k = 51. Let t(u) = 2*u + 2. What is t(b)?
6
Suppose 40*w - 74 = 46. Let n(f) = -23 + 17 - w + 2*f. Give n(6).
3
Let g(t) = 14*t**3 - 17*t**2 + 12*t + 11. Let d(h) = 64*h**3 - 67*h**2 + 49*h + 42. Let l(m) = 2*d(m) - 9*g(m). Give l(-10).
-15
Let d(c) = c**2 - 16*c + 66. Let l = 6271 - 6264. Give d(l).
3
Let k(c) = c**3 - 7*c**2 + c - 7. Let p be k(7). Suppose -63 = -8*t - 23. Let x(g) = 26*g - 14*g + t - 13*g. What is x(p)?
5
Suppose 7 = 78*w + 15 - 8. Let f(h) = -2*h**3 - h**2 + 3*h - 5. Calculate f(w).
-5
Let m(s) = -2*s**2 - 4*s - 3. Let a(l) = -36*l - 465. Let f(n) = -7*n - 93. Let g(t) = 2*a(t) - 11*f(t). Let o be g(-19). Calculate m(o).
-3
Let k = -254 + 256. Let p(r) = -7*r**3 + 5*r**3 + 1 - 12*r - 2 + 14*r**k + 4*r**3 - 3*r**3. Calculate p(13).
12
Let m(j) = 55*j + 892. Let z be m(-16). Let v(o) = o**2 - 16*o + 18. Calculate v(z).
-30
Suppose 13*j - 44 + 5 = 0. Let n(y) = 2*y**2 - j - 8*y + 7 - 3*y**2 + 2*y + 3*y. Determine n(-7).
-24
Suppose 0 = 14*x + 81 + 17. Let k(j) = j**3 + 4*j**2 + j + 7. Let i be k(-4). Let q(t) = 4*t - 2*t + 4*t + 6 - i*t. What is q(x)?
-15
Let x(v) = -v**2 + 8*v + 72. Suppose b - 34 = -5*c, 38 + 6 = 4*b - 3*c. What is x(b)?
-12
Let y be 280/20*(-50)/20. Let w(n) = -2*n**2 - 71*n - 39. Determine w(y).
-4
Suppose -3*x = y - 3*y - 37, -y = 2*x - 13. Let z(n) = 31*n**2 + 11*n - n**3 - 18*n**2 - 7 - 5*n**2 - 29 + 29. Determine z(x).
11
Let v(x) = 207*x - 412. Let k be v(2). Suppose 2*g + 3*g = 10. Let s(y) = 4 - g*y**k + 5*y + 4*y - 2*y + 3*y**2. Determine s(-7).
4
Let l(j) = -j**3 - 6*j**2 - 2*j - 4. Let u(z) = -54*z**2 + 2*z. Let o be u(1). Let m = o - -93. Let v = m + -47. What is l(v)?
8
Suppose -59*k + 67*k - 88 = 0. Suppose 7*b = 3*b - n - k, -4*b + 4 = -4*n. Let c(y) = 7*y**2 + 4*y + 3. What is c(b)?
23
Let v(b) be the second derivative of -b**4/6 + b**3/2 + 3*b**2/2 + b + 182. Give v(-1).
-2
Suppose 2*v = 6*o - 2*o + 18, -40 = -5*v + 5*o. Let n(g) be the first derivative of g**2 - 19*g + 2416. Calculate n(v).
-5
Let a = -5 - -7. Let t = a + -6. Let c(j) be the second derivative of -j**5/20 - j**4/3 - j**3/3 - 3*j**2/2 - j + 8715. Calculate c(t).
5
Let u(s) = 2*s**2 + 1714 + 1784 - 3507 + 2*s**3. Determine u(0).
-9
Let c(y) = -y**2 + 14*y + 30. Let n = 1319 - 1304. Determine c(n).
15
Let l(x) = -5 - 104*x + 26*x + 25*x + 30*x + 25*x. Determine l(-5).
-15
Let b(p) = 3*p**3 - 4*p**2 + 4*p - 2. Let g be (20/8)/5 - 1822/4. Let k = g + 457. Give b(k).
14
Let y(l) = -2*l - 27. Let j be y(-14). Let o be (-11 - -8 - -26) + 2/(-1). Let i(d) = o*d + 15*d - 42*d + 17*d - 1. What is i(j)?
10
Let q(b) = 4*b - 2. Suppose 3*u + 4*f = 20, -5*u + 4*f + 14 = f. Determine q(u).
14
Let m(s) be the third derivative of s**5/120 - 7*s**4/24 + s**3 - 105*s**2. Let z(x) be the first derivative of m(x). Determine z(3).
-4
Suppose c + 5 = 4. Let s be (-5)/(-35)*23 + 4/(-14). Let t(l) = -36*l**3 + 29*l**s - 6 + 5 + l**2 + 0. Determine t(c).
7
Let h(q) be the first derivative of -5*q**2 + 15*q - 16. Let a(n) be the first derivative of -7*n**2/2 + 10*n + 1. Let s(m) = -7*a(m) + 5*h(m). Determine s(3).
2
Let y(k) be the second derivative of -k**4/12 - k**3/6 + 17*k**2/2 - 336*k. Calculate y(7).
-39
Let b be ((-50)/20 - -2)*-2. Let j(d) = -23*d**3 + 5*d - 5. Determine j(b).
-23
Let u(t) be the first derivative of -3/2*t**2 - 1/12*t**4 - t**3 + 16 + 0*t. Let v(g) be the second derivative of u(g). Calculate v(-4).
2
Let w(f) = 98*f - 363. Let l(g) = -64*g + 245. Let d(x) = 8*l(x) + 5*w(x). Give d(6).
13
Let n(x) = -236*x + 1877. Let h be n(8). Let r(l) = 7*l + 74. What is r(h)?
-3
Let b(r) = 5810888*r**3 + 5 + 42*r - 11*r - 5810887*r**3 - 14*r**2. Determine b(3).
-1
Suppose 0*k - 29*k + 856 = 334. Let w(a) be the second derivative of -1/20*a**5 - a**3 + 0 + a**2 - k*a + 5/12*a**4. Give w(4).
-6
Let d(z) = z**3 + 12*z**2 - 14*z - 32. Suppose -24*n + 48 = -4*y - 20*n, -41 = 3*y + 2*n. Calculate d(y).
-19
Let c(r) = r**3 + 14*r**2 - 20*r - 69. Suppose 4*x = -w + 47 - 74, 2*w = -3*x - 39. Give c(w).
6
Let w(l) be the first derivative of l**3/3 + 6*l**2 + 21*l + 921. Determine w(-10).
1
Let g(i) = 6*i + 15. Let n(d) = -7*d - 16. Let v(b) = -3*g(b) - 2*n(b). Let f be 684/266 - 3 - 1/((-14)/(-120)). Determine v(f).
23
Let r(b) be the second derivative of -b**5/20 + 7*b**4/12 - 7*b**3/6 - 548*b - 2. Let q(o) = -o**2 + 5*o. Let x be q(5). Let t = 5 + x. Calculate r(t).
15
Let r(h) be the second derivative of h**4/12 + h**3/3 - 151*h**2/2 + 4286*h. Calculate r(11).
-8
Let h(w) = 12*w**2 + 2*w + 1. Suppose -5*c = -b - 24, b - 2 = 2*c - 11. Suppose c*v - 2 = 4*s - 7, -1 = v - 5*s. Calculate h(v).
11
Let z(f) = 16*f + 475. Let r be (10/4)/(195/(-468))*5/1. Determine z(r).
-5
Let h be 10 + 3/6*-6. Let f(k) be the third derivative of k**5/60 - 7*k**4/24 + 4*k**3/3 - k**2 - 7. Calculate f(h).
8
Let n(s) = -7*s**2 - 6*s - 7. Let p(m) = 12*m**2 + 13*m + 13. Suppose 316*o + 12 = 320*o. Let r(l) = o*p(l) + 5*n(l). What is r(-8)?
-4
Let s(c) = -c**2 - 12*c - 2. Let x(y) = -3*y - 43. Let z be x(-15). Suppose 3*d + 5*k = 2*d + 7, 46 = -z*d + 5*k. Calculate s(d).
-15
Let v be ((-2)/(-5))/((-5)/(-100)). Let p(a) = v - 5 + 2*a - 3. Let o = 7143 + -7145. What is p(o)?
-4
Let r(b) = -6*b - 21. Let u be r(-4). Let w(x) be the second derivative of x**3/6 - x**2 - 289*x - 2. Determine w(u).
1
Let t(w) = -127*w**2 + 16*w - 8. Let c(l) = -101*l**2 + 16*l - 7. Let z(y) = 5*c(y) - 4*t(y). Give z(-7).
32
Let z(l) = -34*l - 58. Let k be z(9). Let r = k + 349. Let f(m) = -m**3 - 15*m**2 - 5. Calculate f(r).
-5
Let n(p) = -13*p + 57. Let z = -5835 - -5839. What is n(z)?
5
Let i(y) be the first deriv